{"id":89,"date":"2011-10-31T11:03:35","date_gmt":"2011-10-31T11:03:35","guid":{"rendered":"http:\/\/demo.wpbakery.com\/architectos\/?page_id=89"},"modified":"2012-05-08T18:37:00","modified_gmt":"2012-05-08T18:37:00","slug":"profile","status":"publish","type":"page","link":"https:\/\/neoplano.com\/?page_id=89","title":{"rendered":"\u00c1reas de Interven\u00e7\u00e3o"},"content":{"rendered":"<div class=\"column  wpb_text_column one-fourth\"><div class=\"wpb_wrapper\">\n<h2>Estudos<\/h2>\n<\/div><\/div> <div class=\"column  wpb_text_column three-fourth last\"><div class=\"wpb_wrapper\">\n<ul>\n<li>Estudos de viabilidade t\u00e9cnico-econ\u00f3mica;<\/li>\n<li>Processos de informa\u00e7\u00e3o pr\u00e9via sobre viabilidade de constru\u00e7\u00e3o;<\/li>\n<li>Organiza\u00e7\u00e3o de estudos topogr\u00e1ficos e geol\u00f3gicos;<\/li>\n<li><em>Due Diligence<\/em> t\u00e9cnicas (construtivas, ambientais e energ\u00e9ticas), sobretudo para clientes institucionais e fundos de investimento imobili\u00e1rio;<\/li>\n<li>DCR = Declara\u00e7\u00f5es de Conformidade Regulamentar;<\/li>\n<li>CE = Certifica\u00e7\u00f5es Energ\u00e9ticas;<\/li>\n<li>PR = Planos de Redu\u00e7\u00e3o de Consumos;<\/li>\n<li>Avalia\u00e7\u00f5es Imobili\u00e1rias.<\/li>\n<\/ul>\n<\/div><\/div> <div class=\"vc_clear\"><\/div> <div class=\"wpb_separator\"><\/div> <div class=\"column  wpb_text_column one-fourth\"><div class=\"wpb_wrapper\">\n<h2>Projectos<\/h2>\n<\/div><\/div> <div class=\"column  wpb_text_column three-fourth last\"><div class=\"wpb_wrapper\">\n<ul>\n<li>Os nossos projectos abrangem todas as disciplinas envolvidas (arquitectura, acessibilidades, seguran\u00e7a, estruturas, instala\u00e7\u00f5es mec\u00e2nicas e el\u00e9ctricas, paisagismo, etc.), realizadas ao longo de todas as fases processuais (estudo pr\u00e9vio, licenciamento, execu\u00e7\u00e3o e assist\u00eancia t\u00e9cnica), at\u00e9 \u00e0 obten\u00e7\u00e3o da licen\u00e7a de utiliza\u00e7\u00e3o.<\/li>\n<\/ul>\n<\/div><\/div> <div class=\"vc_clear\"><\/div> <div class=\"wpb_separator\"><\/div> <div class=\"column  wpb_text_column one-fourth\"><div class=\"wpb_wrapper\">\n<h2><em>Procurement<\/em><\/h2>\n<\/div><\/div> <div class=\"column  wpb_text_column three-fourth last\"><div class=\"wpb_wrapper\">\n<ul>\n<li>Organizamos consultas ao mercado, quer dos nossos projectos, quer para clientes externos, incluindo a aprecia\u00e7\u00e3o comparativa de propostas recebidas, bem como o apoio \u00e0 sua negocia\u00e7\u00e3o e contratualiza\u00e7\u00e3o.<\/li>\n<\/ul>\n<\/div><\/div> <div class=\"vc_clear\"><\/div> <div class=\"wpb_separator\"><\/div> <div class=\"column  wpb_text_column one-fourth\"><div class=\"wpb_wrapper\">\n<h2>Fiscaliza\u00e7\u00e3o de Obras<\/h2>\n<\/div><\/div> <div class=\"column  wpb_text_column three-fourth last\"><div class=\"wpb_wrapper\">\n<ul>\n<li>Promovemos a Fiscaliza\u00e7\u00e3o do vosso empreendimento nas suas vertentes de controle de prazos, controle de qualidade e controle de custos, at\u00e9 ao Fecho de contas e Recep\u00e7\u00e3o da obra.<\/li>\n<\/ul>\n<\/div><\/div> <div class=\"vc_clear\"><\/div> <div class=\"wpb_separator\"><\/div> <div class=\"column  wpb_text_column one-fourth\"><div class=\"wpb_wrapper\">\n<h2><em>Project Management<\/em><\/h2>\n<\/div><\/div> <div class=\"column  wpb_text_column three-fourth last\"><div class=\"wpb_wrapper\">\n<ul>\n<li>Realizamos a gest\u00e3o integrada dos vossos projectos, desde a fase de montagem do neg\u00f3cio at\u00e9 \u00e0 inaugura\u00e7\u00e3o da sua constru\u00e7\u00e3o.<\/li>\n<\/ul>\n<\/div><\/div> <div class=\"vc_clear\"><\/div> <div class=\"wpb_separator\"><\/div> <div class=\"column  wpb_text_column one-fourth\"><div class=\"wpb_wrapper\">\n<h2>Projectos realizados<\/h2>\n<\/div><\/div> <div class=\"column column_container three-fourth posts_grid wpb_grid  columns_count_3 thumbnail_title thumbnail_title_three-fourth columns_count_3_thumbnail_title  posts_grid_wpb_portfolio last\"><div class=\"teaser_grid posts_grid_teaser_wpb_portfolio one-third\"><div class=\"wpb_wrapper\"><a class=\"link_image\" href=\"https:\/\/neoplano.com\/?wpb_portfolio=igreja-do-corpo-santo\" title=\"Permalink to IGREJA DO CORPO SANTO\"><img loading=\"lazy\" decoding=\"async\" class=\"teaser_grid_img\" src=\"https:\/\/neoplano.com\/wp-content\/uploads\/2013\/03\/FUNDOS_IGCORPOSANTO-167x100.png\" width=\"167\" height=\"100\" alt=\"\" \/><\/a><h3 class=\"teaser_title\"><a href=\"https:\/\/neoplano.com\/?wpb_portfolio=igreja-do-corpo-santo\" title=\"Permalink to IGREJA DO CORPO SANTO\">IGREJA DO CORPO SANTO<\/a><\/h3><\/div><\/div>\n<div class=\"teaser_grid posts_grid_teaser_wpb_portfolio one-third\"><div class=\"wpb_wrapper\"><a class=\"link_image\" href=\"https:\/\/neoplano.com\/?wpb_portfolio=metropolitano-champs-elyseesclemenceau\" title=\"Permalink to METROPOLITANO DE PARIS\"><img loading=\"lazy\" decoding=\"async\" class=\"teaser_grid_img\" src=\"https:\/\/neoplano.com\/wp-content\/uploads\/2012\/02\/NP-METRO-PARIS-167x100.png\" width=\"167\" height=\"100\" alt=\"\" \/><\/a><h3 class=\"teaser_title\"><a href=\"https:\/\/neoplano.com\/?wpb_portfolio=metropolitano-champs-elyseesclemenceau\" title=\"Permalink to METROPOLITANO DE PARIS\">METROPOLITANO DE PARIS<\/a><\/h3><\/div><\/div>\n<div class=\"teaser_grid posts_grid_teaser_wpb_portfolio one-third last\"><div class=\"wpb_wrapper\"><a class=\"link_image\" href=\"https:\/\/neoplano.com\/?wpb_portfolio=metropolitano-de-lisboa\" title=\"Permalink to METROPOLITANO DE LISBOA\"><img loading=\"lazy\" decoding=\"async\" class=\"teaser_grid_img\" src=\"https:\/\/neoplano.com\/wp-content\/uploads\/2012\/01\/NPF_SemFoto-167x100.png\" width=\"167\" height=\"100\" alt=\"\" \/><\/a><h3 class=\"teaser_title\"><a href=\"https:\/\/neoplano.com\/?wpb_portfolio=metropolitano-de-lisboa\" title=\"Permalink to METROPOLITANO DE LISBOA\">METROPOLITANO DE LISBOA<\/a><\/h3><\/div><\/div><div class=\"vc_clear\"><\/div>\n<\/div> <div class=\"vc_clear\"><\/div><\/p>\n","protected":false},"excerpt":{"rendered":"<p>Cliente: METROPOLITANO DE LISBOA<\/p>\n<p>Local: Lisboa, Portugal<\/p>\n<p>Data: 1995\/1998<\/p>\n<p>\u00c1rea Total: nd<\/p>\n<p>Custos Globais: nd<\/p>\n<p>Descri\u00e7\u00e3o:<\/p>\n<p>Projectos das esta\u00e7\u00f5es de Calvanas, Alvalade e Rato.<\/p>\n<p> Projectos e assist\u00eancia t\u00e9cnica.<\/p>\n","protected":false},"author":1,"featured_media":0,"parent":0,"menu_order":0,"comment_status":"closed","ping_status":"closed","template":"","meta":{"footnotes":""},"class_list":["post-89","page","type-page","status-publish","hentry"],"_links":{"self":[{"href":"https:\/\/neoplano.com\/index.php?rest_route=\/wp\/v2\/pages\/89"}],"collection":[{"href":"https:\/\/neoplano.com\/index.php?rest_route=\/wp\/v2\/pages"}],"about":[{"href":"https:\/\/neoplano.com\/index.php?rest_route=\/wp\/v2\/types\/page"}],"author":[{"embeddable":true,"href":"https:\/\/neoplano.com\/index.php?rest_route=\/wp\/v2\/users\/1"}],"replies":[{"embeddable":true,"href":"https:\/\/neoplano.com\/index.php?rest_route=%2Fwp%2Fv2%2Fcomments&post=89"}],"version-history":[{"count":14,"href":"https:\/\/neoplano.com\/index.php?rest_route=\/wp\/v2\/pages\/89\/revisions"}],"predecessor-version":[{"id":272,"href":"https:\/\/neoplano.com\/index.php?rest_route=\/wp\/v2\/pages\/89\/revisions\/272"}],"wp:attachment":[{"href":"https:\/\/neoplano.com\/index.php?rest_route=%2Fwp%2Fv2%2Fmedia&parent=89"}],"curies":[{"name":"wp","href":"https:\/\/api.w.org\/{rel}","templated":true}]}}